alculate the remainder when 379 is divided by 130.
119
What is the remainder when 1997 is divided by 40?
37
What is the remainder when 1949 is divided by 22?
13
What is the remainder when 313 is divided by 35?
33
Calculate the remainder when 449 is divided by 65.
59
What is the remainder when 91 is divided by 23?
22
Calculate the remainder when 507 is divided by 10.
7
What is the remainder when 279 is divided by 46?
3
Calculate the remainder when 139 is divided by 74.
65
What is the remainder when 416 is divided by 40?
16
What is the remainder when 80 is divided by 50?
30
What is the remainder when 211 is divided by 100?
11
What is the remainder when 922 is divided by 44?
42
Calculate the remainder when 301 is divided by 150.
1
Calculate the remainder when 541 is divided by 41.
8
Calculate the remainder when 122 is divided by 79.
43
Calculate the remainder when 85 is divided by 64.
21
Calculate the remainder when 227 is divided by 72.
11
What is the remainder when 176 is divided by 120?
56
What is the remainder when 1669 is divided by 10?
9
What is the remainder when 484 is divided by 476?
8
What is the remainder when 581 is divided by 11?
9
What is the remainder when 227 is divided by 120?
107
Calculate the remainder when 1273 is divided by 416.
25
Calculate the remainder when 108 is divided by 37.
34
Calculate the remainder when 4744 is divided by 250.
244
What is the remainder when 1203 is divided by 174?
159
Calculate the remainder when 298 is divided by 50.
48
Calculate the remainder when 71 is divided by 5.
1
Calculate the remainder when 249 is divided by 123.
3
Calculate the remainder when 10866 is divided by 12.
6
Calculate the remainder when 53 is divided by 28.
25
Calculate the remainder when 80 is divided by 46.
34
Calculate the remainder when 208 is divided by 19.
18
What is the remainder when 218 is divided by 53?
6
What is the remainder when 753 is divided by 42?
39
Calculate the remainder when 901 is divided by 53.
0
Calculate the remainder when 409 is divided by 141.
127
Calculate the remainder when 221 is divided by 67.
20
Calculate the remainder when 1774 is divided by 37.
35
What is the remainder when 3535 is divided by 396?
367
What is the remainder when 584 is divided by 27?
17
What is the remainder when 376 is divided by 27?
25
What is the remainder when 403 is divided by 18?
7
Calculate the remainder when 1508 is divided by 24.
20
What is the remainder when 1928 is divided by 468?
56
Calculate the remainder when 992 is divided by 310.
62
What is the remainder when 125 is divided by 66?
59
Calculate the remainder when 396 is divided by 6.
0
Calculate the remainder when 150 is divided by 47.
9
Calculate the remainder when 80 is divided by 2.
0
Calculate the remainder when 1168 is divided by 84.
76
What is the remainder when 1185 is divided by 33?
30
Calculate the remainder when 891 is divided by 115.
86
Calculate the remainder when 351 is divided by 49.
8
Calculate the remainder when 22048 is divided by 25.
23
Calculate the remainder when 324 is divided by 16.
4
What is the remainder when 483 is divided by 4?
3
What is the remainder when 169 is divided by 35?
29
Calculate the remainder when 476 is divided by 8.
4
Calculate the remainder when 129 is divided by 33.
30
Calculate the remainder when 122 is divided by 3.
2
What is the remainder when 19823 is divided by 56?
55
Calculate the remainder when 491 is divided by 82.
81
Calculate the remainder when 35 is divided by 23.
12
Calculate the remainder when 1087 is divided by 17.
16
What is the remainder when 480 is divided by 208?
64
Calculate the remainder when 887 is divided by 885.
2
What is the remainder when 301 is divided by 28?
21
What is the remainder when 2685 is divided by 28?
25
What is the remainder when 575 is divided by 17?
14
What is the remainder when 2771 is divided by 348?
335
What is the remainder when 299 is divided by 91?
26
What is the remainder when 505 is divided by 40?
25
Calculate the remainder when 3275 is divided by 84.
83
Calculate the remainder when 159 is divided by 33.
27
Calculate the remainder when 89 is divided by 32.
25
What is the remainder when 448 is divided by 437?
11
What is the remainder when 1331 is divided by 22?
11
What is the remainder when 539 is divided by 45?
44
What is the remainder when 20 is divided by 10?
0
Calculate the remainder when 302 is divided by 16.
14
What is the remainder when 239 is divided by 34?
1
What is the remainder when 960 is divided by 444?
72
Calculate the remainder when 91 is divided by 54.
37
Calculate the remainder when 228 is divided by 27.
12
What is the remainder when 118 is divided by 4?
2
Calculate the remainder when 16 is divided by 6.
4
Calculate the remainder when 22573 is divided by 175.
173
What is the remainder when 155 is divided by 49?
8
What is the remainder when 164 is divided by 19?
12
What is the remainder when 1012 is divided by 25?
12
What is the remainder when 22 is divided by 15?
7
What is the remainder when 80 is divided by 18?
8
Calculate the remainder when 1797 is divided by 180.
177
Calculate the remainder when 43 is divided by 37.
6
What is the remainder when 969 is divided by 200?
169
Calculate the remainder when 245 is divided by 91.
63
Calculate the remainder when 3733 is divided by 15.
13
Calculate the remainder when 181 is divided by 13.
12
Calculate the remainder when 84 is divided by 36.
12
Calculate the remainder when 476 is divided by 16.
12
What is the remainder when 60 is divided by 49?
11
Calculate the remainder when 1189 is divided by 37.
5
What is the remainder when 2746 is divided by 463?
431
Calculate the remainder when 323 is divided by 25.
23
Calculate the remainder when 1763 is divided by 125.
13
What is the remainder when 825 is divided by 28?
13
Calculate the remainder when 118 is divided by 37.
7
Calculate the remainder when 416 is divided by 166.
84
Calculate the remainder when 250 is divided by 42.
40
What is the remainder when 277 is divided by 97?
83
Calculate the remainder when 77 is divided by 13.
12
Calculate the remainder when 316 is divided by 60.
16
What is the remainder when 161 is divided by 43?
32
What is the remainder when 123 is divided by 25?
23
Calculate the remainder when 31 is divided by 5.
1
What is the remainder when 1509 is divided by 130?
79
Calculate the remainder when 126 is divided by 64.
62
Calculate the remainder when 859 is divided by 821.
38
Calculate the remainder when 13 is divided by 7.
6
What is the remainder when 119 is divided by 113?
6
What is the remainder when 52 is divided by 15?
7
What is the remainder when 2572 is divided by 514?
2
Calculate the remainder when 87 is divided by 26.
9
What is the remainder when 122 is divided by 112?
10
Calculate the remainder when 50 is divided by 21.
8
What is the remainder when 1094 is divided by 9?
5
Calculate the remainder when 662 is divided by 19.
16
What is the remainder when 416 is divided by 20?
16
What is the remainder when 1916 is divided by 23?
7
Calculate the remainder when 484 is divided by 106.
60
What is the remainder when 89 is divided by 34?
21
Calculate the remainder when 689 is divided by 139.
133
Calculate the remainder when 558 is divided by 59.
27
What is the remainder when 2399 is divided by 13?
7
Calculate the remainder when 7283 is divided by 155.
153
What is the remainder when 1140 is divided by 283?
8
What is the remainder when 1888 is divided by 15?
13
Calculate the remainder when 9491 is divided by 42.
41
Calculate the remainder when 267 is divided by 1.
0
What is the remainder when 289 is divided by 97?
95
Calculate the remainder when 2125 is divided by 424.
5
Calculate the remainder when 5546 is divided by 150.
146
Calculate the remainder when 1553 is divided by 9.
5
Calculate the remainder when 2033 is divided by 2033.
0
Calculate the remainder when 6315 is divided by 26.
23
Calculate the remainder when 152 is divided by 11.
9
Calculate the remainder when 898 is divided by 60.
58
Calculate the remainder when 1859 is divided by 56.
11
What is the remainder when 821 is divided by 27?
11
Calculate the remainder when 2057 is divided by 466.
193
Calculate the remainder when 1007 is divided by 146.
131
Calculate the remainder when 825 is divided by 